2 + 9*r + 21. What is the tens digit of i(-3)?
9
What is the thousands digit of (32 - 36 - 2/5)*-305?
1
Let z(h) = h**3 + 15*h**2 - h - 21. Let t be z(-15). What is the tens digit of ((-40)/t)/((-2)/(-12))?
4
Suppose 134*u - 17691 = 95539. What is the hundreds digit of u?
8
Let r = 527 + -88. What is the tens digit of r?
3
Suppose 4*a - a = 504. What is the tens digit of (-2 - 34/(-6))/(4/a)?
5
Let g be (1/(-1))/((-3)/(-18)). Let o = -6 - g. Let n(c) = -c**3 + 25. What is the tens digit of n(o)?
2
What is the tens digit of 144*7*36/189?
9
Let w(i) = -i + 1. Let j be w(-1). Suppose -2*c + 3*z = -7 - 14, -5*c + 25 = -j*z. Suppose -c*y = -5*p - 91, 2*y - 4*p = p + 64. What is the tens digit of y?
2
Suppose 3 + 5 = 2*z, 3*i - 20 = -5*z. Suppose i = -3*n + 5*m - 8 - 38, -3*m + 29 = -2*n. Let s(j) = -j**2 - 9*j - 2. What is the tens digit of s(n)?
1
Suppose 4*t - 17 = -3*u, -3*t = 3*u - 6 - 9. What is the hundreds digit of (-1)/((-1210)/(-404) - u)?
2
Suppose 3*d = -d + 524. What is the units digit of (3 - d)*(-5)/10?
4
Let r(q) = 55*q - 140. What is the tens digit of r(10)?
1
Let l(g) = 14*g**3 + 6*g**2 - 8*g + 6. What is the tens digit of l(3)?
1
Suppose 3*t + 7 + 11 = 0. Let c = 77 + t. What is the units digit of c?
1
Let s be 1/((-2)/2) + -24. Suppose -i - 86 = -2*c, -3*c + c + 78 = -5*i. Let t = s + c. What is the units digit of t?
9
Let g = 24 + -10. Let y = 52 - g. What is the tens digit of y?
3
Let j = -338 + 679. What is the units digit of j?
1
Let p(f) = f**3 + 12*f**2 - 15*f - 7. What is the hundreds digit of p(-12)?
1
Let a be (16 + -6)*(-1)/1. What is the units digit of 2 - 4 - 3*a?
8
Suppose 18*h + 2*d = 15*h + 10341, -3*h + 10356 = -3*d. What is the tens digit of h?
4
Suppose -6*v + 348005 = 55*v. What is the tens digit of v?
0
Let k(c) be the second derivative of -13*c**3/6 + 15*c**2/2 - 4*c. What is the tens digit of k(-8)?
1
Let r = 428 - -32. What is the hundreds digit of r?
4
Suppose -4*t + 0*t + 240 = 0. Suppose -116 = -4*h + t. Let p = -27 + h. What is the tens digit of p?
1
Suppose 0 = 15*r - 8*r - 2037. Let g = 547 - r. What is the hundreds digit of g?
2
Suppose -m - 16600 = -26*m. What is the tens digit of m?
6
Let o be ((-36)/(-30))/(4/10). Suppose -o*g + g = -44. What is the units digit of g?
2
Suppose 0 = 8*v - 4*v - 120. Let w = v + -25. Suppose 0 = w*s - 5*f - 135, -s - f = -3*f - 31. What is the tens digit of s?
2
Let g(w) = 5 - 12*w - 38*w**2 - 5 - 1 - 40*w**2 + 77*w**2. Let b be 8/(-3)*3/1. What is the tens digit of g(b)?
3
Let a be (-9)/(-3)*(-8)/(-12). Suppose -3*k + 272 = a*y - 7*k, -4*k + 568 = 4*y. What is the hundreds digit of y?
1
What is the units digit of (280/(-50) - -5)/(2/(-5050))?
5
Suppose 43805 = 36*t - 21355. What is the thousands digit of t?
1
Let g be (-1 + 5/15)/(2/15). Suppose 4*j + b - 8 = 70, 3*j - 5*b - 70 = 0. Let m = g + j. What is the tens digit of m?
1
Suppose 224*p - 220*p = -2*y + 12810, 0 = -y - 3. What is the hundreds digit of p?
2
Let p(v) = v**3 + 17*v**2 + 16*v + 10. Let r be p(-16). Suppose -r*b + 207 = -7*b. What is the tens digit of b?
6
Suppose 11*i - 23921 = 4701. What is the hundreds digit of i?
6
Let z(x) = x**3 + 7*x**2 - 4*x - 2. Let f be z(-6). Let w = f - -1. What is the units digit of w?
9
Suppose -u = 2*q - 64, -3*u + 96 = 3*q - 4*u. Suppose -m + 143 = q. What is the tens digit of m?
1
Suppose j - 3*j + 6 = 0. Let m(s) = -11*s + 11*s - 1 - 25*s**j + s**2 + s**3. What is the units digit of m(-1)?
4
Let n = -332 + 895. What is the units digit of n?
3
Let f(a) = -a + 6. Let g be f(14). Let o = g - -11. Suppose s - 24 = -u, u + o = -2*s + 26. What is the tens digit of u?
2
Let g = -111 - 63. What is the tens digit of 39/(-26) + g/(-4)?
4
Let b(q) be the third derivative of q**5 + q**4/8 - q**3/3 - 23*q**2. What is the units digit of b(1)?
1
Let t(a) be the third derivative of -a**4/24 + 3*a**3/2 - a**2. Let q be t(7). Suppose -3*d + 79 = u + 4*u, q*u - d - 36 = 0. What is the units digit of u?
7
Let j be 0*(1 - (3 + -1)). Let h be -3 + (2 - j) - -3. Suppose 0 = -h*s + 5 - 1. What is the units digit of s?
2
What is the units digit of (-11 + 4 - -832)*5 + -2?
3
Suppose -33*r - 5005 = -38*r - 5*a, -2987 = -3*r + a. What is the tens digit of r?
9
Let o(j) = 6*j - 7. Let m be (-14)/(-28) - 27/(-2). Let l be o(m). Suppose l = 6*k - 37. What is the tens digit of k?
1
Let j(m) = 23*m**2 - 6*m + 7. Let k be 2*((-2)/(-6) + 28/24). What is the tens digit of j(k)?
9
Let l = 93 - 49. Let z = l - 30. What is the tens digit of z + 1 + 0 + 0?
1
Suppose -2263 - 19292 = -9*x. What is the tens digit of x?
9
Let g(q) = -3*q - 16. Suppose 7*s - 18 = 4*s. Suppose s = x - 3*w, -2*w = -x + 4 - 2. What is the units digit of g(x)?
2
Suppose 2*j - 872 = 1194. What is the hundreds digit of j?
0
Let q be 2*((-211)/(-2) + 3). Let n = q + -155. What is the units digit of n?
2
Let v(x) = x**3 + 11*x**2 + x + 11. Let j be v(-11). Suppose j = -2*f + 240 + 210. What is the units digit of f?
5
Let o(t) = 731*t - 444. What is the hundreds digit of o(6)?
9
Let y(q) = q**2 - 55. What is the tens digit of y(-15)?
7
Let m be 12*2/12*2. Suppose -4*j + 2*j = -m*r - 100, -2*j - r + 105 = 0. What is the units digit of j?
2
Suppose -6*p = -2*p - 4. Let t(v) = 95*v - 3. What is the tens digit of t(p)?
9
Suppose 4 = -c + 59. Let x = c + 41. What is the units digit of x?
6
Suppose 677*r - 44520 = 667*r. What is the hundreds digit of r?
4
Let y = -4 - -7. Let n be 2 - (5 - y) - -5. Suppose -4*i + n + 7 = 0. What is the units digit of i?
3
Let q(v) be the third derivative of v**5/60 - v**4/6 - v**3/6 + 13*v**2. Suppose -3*g + 2*l + l = -18, 2*g - 12 = -5*l. What is the tens digit of q(g)?
1
Suppose -32 = -c - 27. Suppose 4*f + 351 - 11 = c*h, -5*f + 25 = 0. What is the units digit of h?
2
Suppose -2*i - 4*g = -1400, 2*i - g - 105 = 1285. What is the hundreds digit of i?
6
Let j(c) = c**3 + 3*c**2 - 3*c - 9. Let a be j(-3). Let t(b) = -b**2 - 26. Let d(v) = -v**2 - 25. Let u(m) = 4*d(m) - 5*t(m). What is the units digit of u(a)?
0
Let s(l) = 7*l + 6. Let a be s(3). Let v = 29 - a. What is the units digit of ((-4)/v)/((-10)/15)?
3
Suppose 4*g + 168 + 16 = 0. Let s = 100 + g. What is the tens digit of s?
5
Let c be (-62)/(-1) + (-8 - -5). Let b = 38 - c. Let a = b + 23. What is the units digit of a?
2
Let b be (16/6)/(2/3). Let s(x) = -3*x**2 - 11*x - 12. Let h(g) = g**2 - g - 1. Let a(f) = b*h(f) + s(f). What is the tens digit of a(17)?
1
Suppose 0*p - 6*p + 12 = 0. Suppose -2*v = 3*u - 425, -3*v + p*v + 225 = -u. What is the hundreds digit of v?
2
Suppose -7*l - 430 = -12*l. What is the units digit of l?
6
What is the units digit of (-31540)/(-36) + (2 - (-19)/(-9))?
6
Suppose s - 67 = 10. Suppose 0 = -0*m + m + 2*r - 19, 3*m = -2*r + s. What is the tens digit of m?
2
What is the units digit of (-2)/(-5) - 56952/(-120)?
5
Let z be -3 - (6/(-2) + -28). Suppose -5*i - 3 = -z. Suppose -i*q + 5*k = -55, -5*q + 0*k + k = -35. What is the units digit of q?
6
Suppose 2*z + 0 - 6 = -3*d, -d = 0. Suppose z*a = 6*a - 213. Let u = -32 + a. What is the units digit of u?
9
Let y = 34 + -30. Suppose z + x - 148 - 9 = 0, 0 = -y*z - 2*x + 638. What is the tens digit of z?
6
Suppose -t + 14 = -21. Let v = t - 39. Let k = v + 63. What is the tens digit of k?
5
Suppose -3393 + 912 = -3*u. What is the units digit of u?
7
Let i(p) = 4*p + 10. What is the units digit of i(0)?
0
Let j = -6 - -5. Let r be 39*(-4 - 3/j). Let z = -16 - r. What is the units digit of z?
3
Suppose 20 = 5*y - 0*y - b, -y + 4 = -5*b. Let a = y + -7. What is the units digit of (-10)/a*12/5?
8
Suppose 44 = 4*f + 7*k - 3*k, -f + 5 = -2*k. Suppose 1145 = f*j + 101. What is the tens digit of j?
1
Let q be 4 + (-5)/((-15)/(-12)). Suppose q = -5*d + 2*y + 17, 5*d - y - 25 + 9 = 0. What is the units digit of (-6)/9 + 80/d?
6
Suppose -4*g + 14 - 42 = 0. Let r = g + 22. What is the tens digit of r?
1
Suppose 408 = -0*o + 2*o. What is the tens digit of o?
0
Let y(u) = -148*u**3 + u**2 - 1. Let m be y(-1). Suppose -2*c + 127 = -2*o + 3*c, m = -3*o - c. Let a = o - -78. What is the tens digit of a?
2
Suppose 0 = 6*t + 6504 - 25974. What is the thousands digit of t?
3
Let f = -16 - -16. Suppose f*b - 4*b + 112 = 0. Let u = 41 - b. What is the tens digit of u?
1
Let v = -180 - -185.